-132 + 100 + -71 + -4 + -4 + 0 + 2
-109
What is -9 + (53 + (-11 - -4) - (0 + 0 + -6))?
43
(56 - -6) + -8 + -21
33
-13 + (26 + 14 + -30 - 16)
-19
-5 + 38 + (-4 - (6 - 9 - -7))
25
What is the value of 13 + (-23 - (32 + -31))?
-11
What is (13 - -1) + (-14 - (32 + -59 - -10)) + -11?
6
Calculate -366 - -332 - (16 - -7 - 6).
-51
What is the value of -72 + 8 - (-171 - -42)?
65
Calculate 73 + -39 + 168 + -125.
77
What is -18 + 2 - (9 - 12) - (489 - 540)?
38
Evaluate (143 - -72) + (47 - 156).
106
Evaluate 2 + (0 + 20 - 8 - 10).
4
-23 - (-249 - -301 - (15 + 0))
-60
Calculate 134 + (-90 + 113 - 103).
54
Calculate (-10 - -3) + -1 - (3 + -23 - (12 + -3)).
21
Calculate 6 + (-13 - 1) + (-9 - (0 + 16)).
-33
What is -7 + 5 - (38 + 6 + 3)?
-49
Calculate 12 + -37 + 10 + 2 + 78 - 0.
65
What is the value of 8 - ((-40 - -108) + -31)?
-29
What is -14 + (98 - -14) - (0 + (-9 - -3 - 7))?
111
Calculate -5 + -8 - -5 - (0 + (-1 - (4 - -42))).
39
What is the value of 23 + (-3 + 2 - 2) - (-177 - -276)?
-79
What is (33 + (-16 - 16) - (1 + -1)) + 7?
8
What is 2 - (10 - (-37 - (-4 + -12 + 5)))?
-34
-20 - (-10 + 9 + (30 - 27))
-22
What is the value of 21 + (31 - 85) + 41 + 81?
89
Calculate (-812 - -738) + (-3 - -47).
-30
What is the value of -1 - 57 - (16 - (-14 + 18 + 0 + 9))?
-61
What is -117 - (-13 - (-3 + -16 + 14) - 11)?
-98
Calculate -12 + 8 + -12 + -17 + 17 + 0.
-16
What is the value of -73 - -54 - -15 - (1 - 13)?
8
Evaluate 99 + -204 - (-19 + 20 + 1).
-107
What is (3 - (-8 + -3 + 8)) + (530 - 542)?
-6
What is -390 + 398 - ((-10 - 116) + 11)?
123
What is the value of -2 - -1 - (-12 + (53 - (18 - 19)))?
-43
Calculate -3 - 12 - (46 + -103) - -9.
51
Calculate -5 - (-32 + -10 - -30 - (-7 + 0)).
0
Calculate (1 - 0) + -2 + (-82 - -81) - -16.
14
What is -95 - (76 - (155 + 31))?
15
-54 + 0 - (-96 - -76 - -12)
-46
Evaluate (-4 + 8 + -8 - 2) + -11.
-17
Calculate -44 + 14 + -35 + 24 + 0 + 0 + -6.
-47
What is (-15 - (8 - 17)) + (6 - -3)?
3
What is the value of (-2325 + 2388 - (37 + 1)) + 80?
105
Evaluate -1 + 35 - (31 + -15 - (-12 - -34)).
40
What is the value of -56 + -35 + 25 + 22 - -14?
-30
Calculate -18 + (363 + -336 - (0 - 32)).
41
Evaluate 5 + (73 - (4 - 3)) + 2 + 19 + -10.
88
44 + 8 + -42 + 57
67
What is the value of 17 + (-38 - (0 - 25)) + 1?
5
Evaluate 65 + (54 + -63 - -15).
71
-20 - (22 + (-222 - 4) + 49)
135
What is the value of -14359 - -14288 - (1 - 159)?
87
Calculate (-17 - -10) + 50 + 3.
46
What is 41 + -25 - (40 + -33)?
9
What is -20 + -6 + (20 + -37 - 22)?
-65
Calculate 13 - ((4 - -11) + (-22 - 1) - -87).
-66
What is the value of (32 - 17 - (-32 + (0 - 4))) + 0?
51
Evaluate (-24 - (19 - (25 + -51))) + -37.
-106
Calculate 29 + -23 + -6 + 1 - 12.
-11
What is the value of 92 - ((-12 - (1 + -15) - -12) + -4)?
82
Evaluate (-82 - (-39 + 60)) + 71.
-32
What is the value of 1 + -19 - (14 - -6) - -27?
-11
What is the value of (-7 + -7 - -3) + (4 - -10 - -8)?
11
Calculate (-95 - -12 - 2) + -57.
-142
Calculate 85 + -111 + 9 + 0.
-17
What is -16 - (5 + -63) - (-14 + 1 + 2)?
53
Calculate 0 + 0 - -3 - (3167 - 3208).
44
(-28 - -61) + (-5 + 5 + -13 + 1 - -1)
22
What is 6 + (15 - (7 - (-11 + (-3 - -68))))?
68
4 - (-43 + 16 + 12 + 146) - -8
-119
Evaluate (2 + 0 + -9 - (-68 - (2 + -11))) + -8.
44
What is -28 - -13 - ((-16 - 15 - -18) + 1)?
-3
What is the value of (-19 + 2 - (297 - 320)) + -28?
-22
What is 8 - 23 - (-200 + 222)?
-37
Calculate (-1 + -3 - (-7 + (-47 - -65))) + -36.
-51
Evaluate (-16 - -17) + -4 + (42 - (1 + 2)).
36
Calculate 150 - (-98 - -111) - 118.
19
Calculate (40 - (44 + -61)) + -17.
40
What is (15 - -28) + -33 + (2 + 3 - -24)?
39
What is the value of -2 + 38 - (663 + -555) - -12?
-60
Calculate -13 + (39 - 34) + 10 + -1 + -38.
-37
7 + (15 - (-60 + -13))
95
-16 + 7 + 3 + (-26 - (14 - 16))
-30
(-53 - (4 + -7)) + -44 + (-145 - -168)
-71
Calculate (-29 - (1 + -4)) + -154 + 154.
-26
(-534 - (-67 + -337)) + 41 + 0
-89
Calculate -1 + 4 + 10 + 25 - (-19 - -3).
54
What is -8 + 24 - -22 - (23 + -12)?
27
What is 44 - (-4 - (7 + (-4 - (-20 + 6 - -14))))?
51
Calculate -49 - 2 - ((22 - 11 - 10) + 15 + -7).
-60
What is 0 + 29 + -481 + 447?
-5
Evaluate -3 - -10 - (0 - -20) - -19 - 5.
1
What is the value of (1 - -1) + -14 + (1 - 51) + 47?
-15
What is -15 + (0 - (-7 - -7)) + (17 - 2)?
0
Evaluate 3 - (66 + -10 + 15).
-68
Calculate -132 + 268 + -64 + -44.
28
Calculate 3 + (-1 - 12) + (211 - 194) - (50 - 0).
-43
What is 43 + 45 - (-16 + 8 + 19 + 7)?
70
Calculate -10 - (-41 - (-71 + 3)).
-37
Evaluate -1193 - -1231 - (-3 + -2 + -21).
64
Calculate -22 - (-87 + 47 + 43).
-25
What is -20 + (-5 - -11) - (-6 + -60 + 10)?
42
-62 - (-118 + 3) - -18
71
Calculate -27 - (15 + -33) - 10.
-19
60 + 130 + -65 + -71
54
Calculate -2 + (-27 - -2) + (-153 - (90 + -259)).
-11
30 + (-10 + (31 - 7) - 123)
-79
Evaluate (-2 - 1 - (-9 + (-4 - (10 - -5)))) + 6.
31
-30 - (-46 - 7) - -11 - (1 - (1 - -1))
35
What is the value of -4 + (51 + -56 - (-11 - (0 - 1)))?
1
What is 15 + 3 + -21 + 19 + -3 + 96 + -3?
106
What is (289 - 295) + (-9 - 11)?
-26
Evaluate -21 - 1 - (520 + -454) - 0.
-88
What is the value of -16 + (-271 + 277 - (-6 + 0)) - 10?
-14
What is 10 - -74 - 12 - 74?
-2
Evaluate 368 - 351 - (-7 + 2).
22
Calculate (385 + -403 - ((0 - 1) + 2)) + 2.
-17
Calculate 47 - 31 - (-18 + -2).
36
What is the value of 58 - (-34 - -53) - 15 - -14?
38
Evaluate -5 + 9 + 17 - (18 + (-32 - -4)).
31
Evaluate -14 + (-12 - -10) + -1 - (-4 + -4).
-9
What is the value of 10 - (-5 + (-12 - (19 - 4)))?
42
Evaluate 161 - 45 - (9 + -30 - -16).
121
Calculate 100 - (49 - ((4 - -25) + -7)).
73
What is (-6 - ((8 + (-17 - -3) - -3) + -13)) + -118?
-108
Calculate 20 + -109 + (34 - 20) + -1.
-76
What is the value of (8 - 55) + 13 + 14 + -4 + 12?
-12
What is the value of 80 - 9 - (-15 - 29 - -62)?
53
(544 - 498) + (-8 + (1 - 4) + 1 - -2)
38
5220 + -5221 - (-13 - (-2 + 0))
10
Evaluate 17 + -72 + 39 - -36 - (97 - 0).
-77
What is the value of 24 + -1 - (90 + (-7 - 37))?
-23
What is the value of -10 + -7 + -5 - 18?
-40
What is 2 + (-8 - 36) + 73?
31
What is 43 - (-13 + -37 + 76)?
17
40 + (-72 - -122) + 0
90
Evaluate (118 - -1) + 140 + -331 + 201.
129
What is the value of 2 + -102 + -40 + 45 - -19?
-76
Calculate -15 + 0 - ((2 - (71 + (-6 - -7))) + -3).
58
What is the value of -26 + 72 + (-46 - -18 - -22)?
40
Calculate 445 + -513 + -4 + (6 - 0) + 4.
-62
Evaluate -260 - -308 - ((-1 - -13) + -26).
62
What is 93 + 35 + -169 - -46?
5
-28 - (-1 + 17) - -92
48
Evaluate -8 + (-9 - -32) + -60 + -31.
-76
What is the value of -29 - -25 - (-2 + -7 + (-39 - -16))?
28
What is 65 + -28 + 27 + -25 - 110?
-71
Calculate (-8 - 0) + 93 + -79 - 20.
-14
Calculate 41 + (-6 - (-11 + 11)) - (-2 + -4).
41
906 + -898 - (-28 - (-2 - 1))
33
(-87 - -48) + 74 + -78
-43
-1 + (-4 + 5 - -62) + -33 + -6 + 39
62
What is 65 - (-2 + -1 + (-59 + 31 - -42))?
54
Calculate 17 + 45 + -46 + -23.
-7
What is the value of -296 + 196 + 1 + -4 + 6 + 5?
-92
Calculate (616 - 627 - (9 + 1)) + 28.
7
Calculate -3 + -11 + 26 + -9 + 3 - 22.
-16
What is the value of (143 - 11 - 251) + 89?
-30
Evaluate (354 - (291 - 102)) + (-3 - 19).
143
Calculate (-51 - 78) + 166 - (-3 - -175).
-135
Evaluate -45 + 78 + -24 - 73.
-64
-29 + (-51 + 143 - (36 - 1))
28
-56 - (-35 - (82 - 40))
21
What is the value of (-70 - -68) + (-79 - 4) + -5 - -17?
-73
What is 47 + (-129 - -54) - (3 + -15)?
-16
-27 + 1 + -1 + -23 + -5568 + 5582
-36
Evaluate 6 + 0 + -2 + -3 + -27 + 28 + 5.
7
(9 + 16 + -28 - (-3 - 5) - 2) + -57
-54
What is -39 - (10 - (25 + 28 - 3))?
1
Evaluate 42 - ((8 - (7 + 9)) + 24) - 13.
13
(1 - -184) + (-11618 - -11508)
75
What is 10 + -46 + (1 - -54)?
19
What is the value of 2 - 2 - -2 - (44 + -49 - -34)?
-27
-5 + (5 - (-15 + 8)) - (-10 + -73 - 17)
107
What is the value of -3 + (-14 + -14 + 41 - -47) - (1 + -6)?
62
Evaluate 2155 + -2122 + (1 - 26).
8
-7 + (-33 - -11) + 15 + 40
26
Evaluate -42 - (71 - (11 - -58)).
-44
What is 3 + -2 + (1 - 2) - (-86 + 293 - 228)?
21
0 - -13 - (166 - 152 - 27)
26
-33 + (-43 - -14) + 84
22
-51 + (-4 - -2) + 2071 + -2062
-44
(-4764 - -4769) + 0 + 1 + (4 - 3)
7
What is the value of (0 - 61 - -45) + (51 - 4) + -6?
25
What is the value of 80 + (-229 - -67) + 154?
72
Evaluate (-1 - 5) + (-1125 + 1058 - (-10 - (1 + -1))).
-63
What is the value of -47 + 46 + (-1 - -7) - (-41 + 49)?
-3
Cal